f 36438156?
3
What is the ten millions digit of 235229365?
3
What is the millions digit of 454200451?
4
What is the billions digit of 1180475485?
1
What is the hundred thousands digit of 3010452594?
4
What is the thousands digit of 2289615089?
5
What is the ten thousands digit of 510320243?
2
What is the thousands digit of 81375937?
5
What is the hundred thousands digit of 148468453?
4
What is the units digit of 229593032?
2
What is the hundreds digit of 15137689?
6
What is the hundreds digit of 619752574?
5
What is the ten millions digit of 365828850?
6
What is the hundred millions digit of 1342348425?
3
What is the ten thousands digit of 60110354?
1
What is the hundred millions digit of 1013055867?
0
What is the hundred thousands digit of 2263737027?
7
What is the units digit of 67952801?
1
What is the hundreds digit of 22093229?
2
What is the hundred thousands digit of 72101376?
1
What is the tens digit of 403202431?
3
What is the hundreds digit of 43782980?
9
What is the tens digit of 1780114976?
7
What is the units digit of 6931731?
1
What is the hundreds digit of 3802966360?
3
What is the ten millions digit of 318380121?
1
What is the hundred thousands digit of 2274638122?
6
What is the hundred thousands digit of 513349548?
3
What is the ten thousands digit of 141948661?
4
What is the hundreds digit of 280687605?
6
What is the hundreds digit of 278967616?
6
What is the units digit of 249229169?
9
What is the millions digit of 368571863?
8
What is the tens digit of 30434151?
5
What is the hundred thousands digit of 34799890?
7
What is the thousands digit of 59943740?
3
What is the thousands digit of 380858434?
8
What is the hundred thousands digit of 40166231?
1
What is the hundreds digit of 819141950?
9
What is the thousands digit of 370033593?
3
What is the ten millions digit of 339813482?
3
What is the millions digit of 265796584?
5
What is the units digit of 1364960268?
8
What is the thousands digit of 923180851?
0
What is the units digit of 690296693?
3
What is the ten thousands digit of 14154561?
5
What is the millions digit of 2624496887?
4
What is the hundreds digit of 1070675535?
5
What is the units digit of 3367365?
5
What is the hundreds digit of 106225858?
8
What is the hundred millions digit of 587347084?
5
What is the billions digit of 3161317202?
3
What is the hundred thousands digit of 95705350?
7
What is the ten thousands digit of 12672223?
7
What is the millions digit of 171507134?
1
What is the hundred thousands digit of 200146768?
1
What is the hundred thousands digit of 56635537?
6
What is the tens digit of 44285522?
2
What is the millions digit of 724583800?
4
What is the hundreds digit of 374675878?
8
What is the millions digit of 232760610?
2
What is the hundred thousands digit of 865564921?
5
What is the tens digit of 68231234?
3
What is the millions digit of 54817436?
4
What is the hundreds digit of 24981997?
9
What is the billions digit of 1567541789?
1
What is the ten thousands digit of 235252004?
5
What is the tens digit of 989034832?
3
What is the millions digit of 79699010?
9
What is the hundred millions digit of 4604348897?
6
What is the millions digit of 731277524?
1
What is the hundred millions digit of 2012636557?
0
What is the millions digit of 80390687?
0
What is the thousands digit of 235810433?
0
What is the ten thousands digit of 2288923806?
2
What is the tens digit of 33788777?
7
What is the hundred millions digit of 520697333?
5
What is the ten thousands digit of 62045651?
4
What is the millions digit of 461125019?
1
What is the tens digit of 5328662?
6
What is the units digit of 18085269?
9
What is the thousands digit of 48790421?
0
What is the ten thousands digit of 1404262156?
6
What is the ten thousands digit of 672371105?
7
What is the units digit of 1203719489?
9
What is the ten thousands digit of 135094935?
9
What is the millions digit of 22834147?
2
What is the tens digit of 38508508?
0
What is the hundreds digit of 89440744?
7
What is the hundred thousands digit of 7714343000?
3
What is the thousands digit of 182246494?
6
What is the millions digit of 794888101?
4
What is the ten thousands digit of 1683707568?
0
What is the units digit of 4275143912?
2
What is the tens digit of 59199640?
4
What is the billions digit of 1002676590?
1
What is the tens digit of 5857921?
2
What is the tens digit of 20044291?
9
What is the units digit of 499395455?
5
What is the millions digit of 20339516?
0
What is the units digit of 188566687?
7
What is the millions digit of 2447358034?
7
What is the ten thousands digit of 548368534?
6
What is the thousands digit of 583769331?
9
What is the hundred thousands digit of 63672155?
6
What is the millions digit of 388858008?
8
What is the ten thousands digit of 1110009?
1
What is the hundreds digit of 18212661?
6
What is the hundreds digit of 35153?
1
What is the units digit of 1629254187?
7
What is the ten thousands digit of 69400780?
0
What is the units digit of 26878862?
2
What is the ten thousands digit of 36261314?
6
What is the millions digit of 1905163622?
5
What is the hundred thousands digit of 70131938?
1
What is the tens digit of 183169307?
0
What is the hundred thousands digit of 362520834?
5
What is the thousands digit of 12727735?
7
What is the hundred thousands digit of 45519323?
5
What is the millions digit of 56240720?
6
What is the millions digit of 1338407872?
8
What is the tens digit of 276067539?
3
What is the millions digit of 6483879998?
3
What is the ten millions digit of 1694452801?
9
What is the ten millions digit of 1763119357?
6
What is the ten thousands digit of 88271966?
7
What is the ten thousands digit of 78820962?
2
What is the millions digit of 629883212?
9
What is the hundred thousands digit of 6591390812?
3
What is the ten millions digit of 84176365?
8
What is the millions digit of 619898445?
9
What is the ten millions digit of 252856590?
5
What is the hundred millions digit of 1563195263?
5
What is the units digit of 54037522?
2
What is the hundred millions digit of 3622430447?
6
What is the ten millions digit of 66784771?
6
What is the tens digit of 251712724?
2
What is the millions digit of 560340682?
0
What is the millions digit of 20690711?
0
What is the hundred thousands digit of 3801340308?
3
What is the hundreds digit of 1554669195?
1
What is the hundred thousands digit of 924454477?
4
What is the tens digit of 5448465307?
0
What is the ten millions digit of 1915396466?
1
What is the tens digit of 170387665?
6
What is the hundreds digit of 29550241?
2
What is the thousands digit of 230402192?
2
What is the ten thousands digit of 1208750218?
5
What is the ten millions digit of 352536597?
5
What is the millions digit of 4403207836?
3
What is the hundreds digit of 267609341?
3
What is the ten millions digit of 771447603?
7
What is the ten thousands digit of 300200963?
0
What is the tens digit of 106621841?
4
What is the hundred thousands digit of 764037127?
0
What is the billions digit of 1186541276?
1
What is the units digit of 61346884?
4
What is the ten thousands digit of 485854?
8
What is the millions digit of 196392484?
6
What is the hundred millions digit of 4950767758?
9
What is the tens digit of 91201124?
2
What is the tens digit of 13614191?
9
What is the ten millions digit of 253242590?
5
What is the hundred thousands digit of 2522241859?
2
What is the ten millions digit of 762108108?
6
What is the millions digit of 922101680?
2
What is the millions digit of 36538575?
6
What is the tens digit of 412503479?
7
What is the ten millions digit of 142136908?
4
What is the hundreds digit of 9429952?
9
What is the units digit of 87264139?
9
What is the tens digit of 262040616?
1
What is the thousands digit of 195999096?
9
What is the millions digit of 1955077352?
5
What is the units digit of 15046921?
1
What is the thousands digit of 91027180?
7
What is the ten thousands digit of 65681319?
8
What is the tens digit of 858815540?
4
What is the hundred millions digit of 192697549?
1
What is the hundreds digit of 335804723?
7
What is the tens digit of 47296031?
3
What is the hundred thousands digit of 5506972009?
9
What is the hundreds digit of 350986918?
9
What is the millions digit of 1873396322?
3
What is the units di